-2*z**3 - 980*z**2 + 990*z + 4862. What is g(-491)?
934
Let a(s) = -2084*s + 410543. Give a(197).
-5
Let b(g) = 1366*g - 7139. What is b(6)?
1057
Let a(o) = -2604*o - 270814. Give a(-104).
2
Let f(b) = 3715*b - 393788. What is f(106)?
2
Let q(g) = 270245*g + 7296611. Give q(-27).
-4
Let r(w) = -5*w**2 + 501*w + 1001. Determine r(-2).
-21
Let m(h) = 16591*h + 49714. Calculate m(-3).
-59
Let z(w) = 40*w**2 + 449*w + 130. Calculate z(-10).
-360
Let s(y) = 411834*y - 2059164. Calculate s(5).
6
Let m(t) = -92*t**2 + 1095*t - 1092. Give m(1).
-89
Let f(g) = -819*g - 52565. Give f(-56).
-6701
Let q(k) = -1349*k + 31017. What is q(23)?
-10
Let b(y) = -3*y**3 - 1938*y**2 - 11484*y + 23049. What is b(-640)?
9
Let f(u) = u**2 + 56563*u - 339428. Give f(6).
-14
Let y(i) = 9*i**2 - 2340*i + 2341. Calculate y(1).
10
Let r(z) = 19*z**2 - 158*z + 4. Determine r(8).
-44
Let s(r) = 3*r**2 - 3629*r - 18168. Give s(-5).
52
Let z(b) = 35999*b - 12635641. Determine z(351).
8
Let d(y) = -y**3 - 13*y**2 - 22*y + 2741. Determine d(10).
221
Let t(b) = 478*b - 48886. What is t(107)?
2260
Let d(z) = 69*z**2 - 16846*z + 2423. What is d(244)?
-17
Let q(s) = -s**3 - 34*s**2 - 72*s - 1168. What is q(-33)?
119
Let v(g) = -2*g**3 - 499*g**2 + 5464*g + 765. Give v(-260).
-275
Let r(w) = -w**2 + 133*w - 4374. Calculate r(68).
46
Let n(c) = -c**3 - 45*c**2 - 495*c - 44. Give n(-21).
-233
Let c(m) = -87147*m + 261344. Give c(3).
-97
Let g(q) = 3802*q - 66756. What is g(18)?
1680
Let f(i) = -40*i**2 - 346*i + 57. Calculate f(-8).
265
Let v(z) = 5*z**3 + 353*z**2 - 138*z + 86. Give v(-71).
-198
Let l(c) = -49*c**3 + 3*c**2 - 11*c + 17. Determine l(3).
-1312
Let r(i) = -30*i**2 - 232*i - 306. What is r(-6)?
6
Let g(m) = 5644*m + 28105. What is g(-5)?
-115
Let a(o) = -o**2 - 87543*o - 8045488. What is a(-92)?
4
Let w(a) = a**2 - 408*a + 38059. What is w(144)?
43
Let s(k) = -k**3 + 33*k**2 - 12*k - 2036. Calculate s(0).
-2036
Let d(p) = -p**3 + 96*p**2 - 2040*p + 376. Determine d(64).
888
Let t(o) = -100*o**3 - 24*o**2 + 86*o + 7. Determine t(3).
-2651
Let v(c) = 1010832*c - 4043334. Give v(4).
-6
Let z(r) = -147*r**2 - 22*r - 52. What is z(-4)?
-2316
Let z(p) = -14*p**3 + 284*p**2 - 46*p - 724. Determine z(20).
-44
Let r(t) = -t**3 - 232*t**2 - 3661*t - 1210. Calculate r(-215).
80
Let j(m) = 3*m**3 + 167*m**2 - 50*m + 330. Calculate j(-56).
-6
Let g(u) = u**3 - 35*u**2 - 1483*u + 51112. Determine g(33).
-5
Let u(w) = -55*w**3 + 13*w**2 - 28*w - 3. Calculate u(2).
-447
Let c(l) = -31*l**2 - 11218*l - 31983. Determine c(-359).
-32
Let v(d) = -705*d + 446272. What is v(633)?
7
Let m(y) = y**3 - 379*y**2 + 770*y - 6037. Determine m(377).
-5
Let p(q) = 594*q + 2447. Determine p(-4).
71
Let c(v) = 23052*v - 36122491. Calculate c(1567).
-7
Let n(u) = u**3 - 7*u**2 + 154*u - 1719. What is n(11)?
459
Let r(m) = -2*m**3 + 570*m**2 + 13518*m - 3055. Give r(307).
15
Let z(u) = -2*u**2 - 27*u + 18584. Calculate z(88).
720
Let x(k) = 53*k + 1608. What is x(123)?
8127
Let v(q) = -17*q**2 + 1795*q - 894. What is v(105)?
156
Let a(m) = 21*m**2 + 2329*m - 51835. Calculate a(19).
-3
Let g(j) = j**3 - 19*j**2 - 744*j + 10687. Determine g(13).
1
Let m(p) = 82918*p - 746292. Give m(9).
-30
Let i(l) = 2*l**2 + 162*l - 5220. Calculate i(33).
2304
Let x(f) = f**3 + 88*f**2 - 565*f - 120. Give x(-94).
-26
Let h(s) = -24293*s + 72707. Determine h(3).
-172
Let j(v) = -15*v**2 - 950*v - 9243. What is j(-10)?
-1243
Let m(d) = -4*d - 925. Calculate m(-95).
-545
Let i(u) = 4045*u - 412639. Determine i(102).
-49
Let j(z) = -z**3 - 108*z**2 + 275*z + 29585. Determine j(-108).
-115
Let z(x) = -x**2 - 152*x - 3150. Calculate z(-126).
126
Let j(n) = -2165*n - 34370. Calculate j(-16).
270
Let l(c) = -3695*c - 1736656. What is l(-470)?
-6
Let n(t) = -12*t**3 - 446*t**2 - 84*t - 108. Calculate n(-37).
262
Let w(s) = 36*s**2 + 212*s - 320. Determine w(-7).
-40
Let z(n) = -49*n**2 + 165*n + 419. What is z(-3)?
-517
Let i(u) = u**3 + 19*u**2 - 57*u - 671. Calculate i(-20).
69
Let r(m) = -4*m**3 - 29*m**2 - 217*m - 877. Calculate r(-5).
-17
Let a(v) = -v**3 + 46*v**2 + 64*v + 835. What is a(47)?
1634
Let t(x) = x**2 + 796*x - 82796. What is t(93)?
-119
Let r(c) = -6*c**3 + 99*c**2 - 5479*c + 80173. What is r(15)?
13
Let s(l) = -4*l**2 + 509*l - 12934. Determine s(92).
38
Let p(n) = 6954*n - 744086. Calculate p(107).
-8
Let t(p) = 1192*p**2 + 28606*p - 49. Determine t(-24).
-1
Let l(p) = -2*p**2 + 334258*p + 2674188. Determine l(-8).
-4
Let d(c) = -17307*c + 2388366. Calculate d(138).
0
Let m(r) = 5296*r**2 + 15882*r + 5. Determine m(-3).
23
Let a(h) = -34*h**2 - 27*h + 93. Calculate a(4).
-559
Let d(a) = -a**3 - 62*a**2 + 69*a + 4437. What is d(-62)?
159
Let b(y) = 52*y - 628. What is b(11)?
-56
Let x(b) = -b**2 + 68708*b + 3300314. What is x(-48)?
26
Let j(l) = -8*l**2 + 2276*l - 15534. Calculate j(7).
6
Let q(d) = 111041*d - 444183. Calculate q(4).
-19
Let a(i) = -20*i**3 + 444*i**2 - 82*i - 138. Determine a(22).
-6
Let t(u) = 16*u**2 + 1965*u + 9261. What is t(-118)?
175
Let q(t) = -13*t**2 - 409*t - 176. Give q(-31).
10
Let l(a) = 8068*a**2 + 80844*a + 1632. What is l(-10)?
-8
Let a(c) = 231*c**2 - 10856*c + 32. Determine a(47).
79
Let y(k) = -k**2 + 19464*k - 1202927. Calculate y(62).
-3
Let j(q) = -q**3 - 27*q**2 + 37*q + 1772. Determine j(-18).
-1810
Let v(a) = -2520*a + 292437. Calculate v(116).
117
Let o(h) = 40*h**2 + 13*h - 53. Determine o(3).
346
Let i(v) = -v**3 - 31*v**2 + 1933*v + 14688. Give i(-7).
-19
Let d(l) = -l**3 + 1237*l**2 + 35413*l - 206. Give d(-28).
-10
Let k(b) = -160*b + 38250. Determine k(239).
10
Let o(v) = 96566*v - 289765. What is o(3)?
-67
Let s(q) = 72036*q + 1944968. Give s(-27).
-4
Let d(q) = 2222026*q - 31108360. What is d(14)?
4
Let x(s) = -506*s**2 + 9102*s - 24. What is x(18)?
-132
Let y(b) = -2*b**3 + 330*b**2 + 4*b - 246. Give y(165).
414
Let q(h) = -967701*h - 4838514. What is q(-5)?
-9
Let r(g) = 846*g - 42235. Determine r(50).
65
Let m(g) = 4*g**2 - 103*g - 704. Give m(30).
-194
Let f(a) = -1309*a**2 + 1426*a + 8. Give f(1).
125
Let h(f) = -f**2 - 92*f - 205. Calculate h(-81).
686
Let g(m) = m**3 - 24*m**2 + 61*m + 352. Determine g(20).
-28
Let h(q) = 2*q**3 + 135*q**2 - 216*q - 576. Determine h(-69).
45
Let g(d) = d**3 - 8*d**2 - 12652*d + 114045. Give g(9).
258
Let i(v) = -12152*v + 109434. Determine i(9).
66
Let g(j) = 97*j + 450. What is g(-2)?
256
Let o(p) = -10*p**2 - 2951*p - 17352. Calculate o(-6).
-6
Let c(m) = -1654*m + 52612. Calculate c(37).
-8586
Let w(c) = c**2 + 1019*c - 258042. Determine w(210).
48
Let v(z) = 238*z**2 - 2841*z - 11384. Determine v(-4).
3788
Let l(w) = 237*w**3 + 3*w**2 + 4*w - 5. Calculate l(1).
239
Let x(t) = 2*t**2 + 44*t + 164. Calculate x(-14).
-60
Let l(u) = 18*u**2 + 72*u + 134. What is l(-11)?
1520
Let o(d) = -10535*d + 5868008. What is o(557)?
13
Let m(p) = -1255*p - 3718. Give m(-3).
47
Let s(q) = 431*q + 216350. Calculate s(-502).
-12
Let o(n) = 51779*n + 11. Give o(0).
11
Let l(k) = 5111*k + 178850. Determine l(-35).
-35
Let g(v) = -240*v**2 + 81361*v - 412. Determine g(339).
-73
Let n(s) = -6*s**2 + 52354*s - 52356. Determine n(1).
-8
Let m(o) = o**3 - 40*o**2 - 2261*o + 89717. Give m(39).
17
Let d(f) = -974*f + 8697. Calculate d(9).
-69
Let s(b) = -5*b**3 - 1857*b**2 - 759*b - 6563. Determine s(-371).
-256
Let f(b) = 31*b**2 + 90*b - 82293. Give f(-53).
16
Let f(k) = 2200*k - 220007. Give f(100).
-7
Let g(i) = 9*i**3 + i**2 + 19*i - 1. Determine g(4).
667
Let s(p) = -p**3 - 89*p**2 - 528*p - 65. What is s(-82)?
-3837
Let q(d) = d**3 + 65*d**2 - 443*d - 808. Determine q(-71).
399
Let q(t) = -73*t**2 - 370*t + 375. What is q(1)?
-68
Let s(m) = 2*m**3 + 156*m**2 + 452*m + 70. Calculate s(-75).
-80
Let v(x) = 3760*x - 18779. Calculate v(5).
21
Let a(r) = 247622*r + 13866828. Determine a(-56).
-4
Let a(v) = v**3 - 21*v**2 + 638*v - 14664. Give a(22).
-144
Let i(z) = -2*z**3 + 17*z**2 - 97*z + 989. What is i(13)?
-1793
Let j(g) = 936*g - 8392. Calculate j(9).
32
Let n(i) = 2*i**2 - 560*i + 22285. Calculate n(48).
13
Let s(f) = 58943*f + 58949. Give s(-1).
6
Let g(t) = -16*t**2 - 3374*t - 9983. What is g(-3)?
-5
Let z(t) = 150*t**3 + 593*t**2 - 20*t - 14. Give z(-4).
-46
Let l(o) = -46*o + 2364. Calculate l(62).
-488
Let m(s) = 5319*s - 31